615?
False
Does 13 divide 4306835?
True
Is 30 a factor of 394075021?
False
Is 967 a factor of 41182618?
False
Is 124 a factor of 30591668?
True
Is 393 a factor of 2976574?
False
Does 1290 divide 42227630?
False
Is 522843638 a multiple of 1229?
True
Does 358 divide 11080100?
True
Is 4549137891 a multiple of 2989?
False
Is 21 a factor of 162386616?
True
Is 5 a factor of 1931434110?
True
Is 66170180 a multiple of 2400?
False
Does 3581 divide 4540142202?
True
Is 761594314 a multiple of 13?
True
Is 50 a factor of 859642827?
False
Is 134311741 a multiple of 19?
True
Does 4 divide 17303380?
True
Does 300 divide 13997857?
False
Is 182 a factor of 282474315?
False
Does 26 divide 431577276?
True
Is 49 a factor of 1120416545?
False
Is 41 a factor of 37048849?
False
Is 30 a factor of 951842460?
True
Is 19 a factor of 1252063881?
True
Is 572 a factor of 2884579?
False
Is 14 a factor of 150491418?
True
Is 13 a factor of 49893872?
False
Is 103 a factor of 233501383?
False
Is 168 a factor of 373355799?
False
Is 52 a factor of 1039537148?
True
Is 490319060 a multiple of 1199?
True
Is 220381632 a multiple of 36?
True
Is 1421 a factor of 801426082?
False
Does 384 divide 41639155?
False
Does 5 divide 6181749?
False
Is 1449308672 a multiple of 3136?
True
Is 7169 a factor of 882704632?
True
Is 468 a factor of 104985637?
False
Does 3469 divide 83429227?
False
Is 108 a factor of 108987460?
False
Is 108944043 a multiple of 247?
True
Is 135 a factor of 281183535?
True
Does 614 divide 22878868?
True
Is 50900271 a multiple of 47?
False
Is 82 a factor of 1291807664?
True
Is 674 a factor of 118096258?
True
Is 18 a factor of 51198804?
True
Is 386 a factor of 100677712?
False
Is 15 a factor of 19490538?
False
Does 658 divide 80628251?
False
Does 383 divide 17075289?
True
Is 136858052 a multiple of 236?
True
Is 9458988 a multiple of 58?
True
Does 77 divide 27919973?
False
Is 358 a factor of 304786687?
False
Is 42714811 a multiple of 57?
False
Does 195 divide 19641013?
False
Does 4 divide 3510795?
False
Is 6 a factor of 16339134?
True
Is 2196390504 a multiple of 154?
True
Does 71 divide 219789091?
True
Is 94812654 a multiple of 159?
True
Does 767 divide 1778946819?
True
Is 16 a factor of 93167520?
True
Is 12 a factor of 141740964?
True
Does 874 divide 33282747?
False
Does 6604 divide 1562963539?
False
Is 12 a factor of 81858151?
False
Is 12 a factor of 133072642?
False
Does 12 divide 41951474?
False
Does 135 divide 25423470?
True
Is 68180750 a multiple of 275?
True
Is 103 a factor of 3382680062?
True
Is 33 a factor of 23579162?
False
Is 230987994 a multiple of 1619?
False
Is 2 a factor of 14324182?
True
Is 42 a factor of 755727168?
True
Is 3347 a factor of 59812190?
False
Does 1447 divide 2382940485?
False
Does 286 divide 255019050?
True
Does 16 divide 471260257?
False
Is 189333404 a multiple of 14?
False
Does 79 divide 40552971?
False
Does 27 divide 1942211516?
False
Is 14084601 a multiple of 10?
False
Is 32 a factor of 19568728?
False
Is 5866536 a multiple of 8?
True
Is 3347 a factor of 111592327?
True
Does 17 divide 8375917?
True
Does 59 divide 35626768?
False
Is 43757187 a multiple of 489?
True
Is 1031169009 a multiple of 1013?
False
Is 6 a factor of 812682439?
False
Is 932 a factor of 1385425422?
False
Is 97479228 a multiple of 308?
True
Does 845 divide 20731230?
True
Does 925 divide 365189688?
False
Is 1237 a factor of 331384878?
True
Does 1968 divide 6269448?
False
Does 2964 divide 970366176?
True
Does 167 divide 984879303?
False
Is 431444880 a multiple of 3753?
True
Is 1301 a factor of 22595443?
False
Does 529 divide 851655806?
False
Is 15 a factor of 871883218?
False
Does 262 divide 3218408?
True
Is 176 a factor of 17374293?
False
Does 166 divide 929004863?
False
Is 3 a factor of 264938785?
False
Does 243 divide 152775558?
True
Is 66 a factor of 584792370?
False
Is 37 a factor of 203289951?
True
Is 5488992 a multiple of 6?
True
Does 1020 divide 7958429?
False
Is 73067582 a multiple of 4?
False
Is 798752544 a multiple of 12?
True
Does 3 divide 2012790?
True
Does 262 divide 61528866?
True
Is 21 a factor of 26824770?
True
Is 13 a factor of 272291923?
False
Does 299 divide 18704520?
False
Does 744 divide 19233144?
True
Is 32 a factor of 2916095?
False
Does 118 divide 1549413467?
False
Is 226357659 a multiple of 1881?
True
Is 70 a factor of 232002249?
False
Is 14 a factor of 218250193?
False
Does 7 divide 159037746?
True
Does 8 divide 17553759?
False
Does 3703 divide 127003017?
False
Is 93672271 a multiple of 5?
False
Does 12 divide 703824135?
False
Does 690 divide 209633867?
False
Does 21 divide 70941843?
True
Is 6776192 a multiple of 64?
True
Is 98 a factor of 158667228?
False
Is 182 a factor of 30596384?
True
Is 850 a factor of 15548649?
False
Is 8418325 a multiple of 1025?
True
Is 477 a factor of 16554762?
True
Is 82008312 a multiple of 368?
False
Is 16874609 a multiple of 7?
False
Is 575 a factor of 2259189994?
False
Does 798 divide 571824456?
True
Does 150 divide 87570964?
False
Does 2414 divide 2704800096?
True
Is 216183087 a multiple of 17?
False
Is 126294768 a multiple of 1779?
True
Is 119 a factor of 204354352?
False
Is 390 a factor of 42756547?
False
Is 556 a factor of 37220864?
True
Is 297518368 a multiple of 1641?
False
Is 1524416025 a multiple of 75?
True
Does 316 divide 27915217?
False
Is 23 a factor of 8413722?
True
Is 8092605 a multiple of 80?
False
Is 82 a factor of 42915110?
True
Does 2223 divide 1688152869?
True
Is 129 a factor of 758024628?
False
Does 2077 divide 27098619?
True
Is 10039480 a multiple of 5?
True
Is 1289262726 a multiple of 8?
False
Does 667 divide 1763849630?
False
Does 34 divide 5768576?
True
Is 102 a factor of 4479289861?
False
Is 18883312 a multiple of 31?
False
Is 2677 a factor of 48631060?
False
Does 83 divide 393911194?
True
Does 3 divide 11040813?
True
Is 247 a factor of 14289444?
True
Does 87 divide 5611152?
True
Is 10 a factor of 641942980?
True
Is 331 a factor of 96897602?
True
Does 60 divide 16772294?
False
Does 28 divide 11214784?
True
Is 40905689 a multiple of 19?
True
Does 33 divide 1221957177?
False
Is 55 a factor of 10607205?
False
Is 4 a factor of 6404599?
False
Does 1272 divide 74415168?
False
Is 1297897904 a multiple of 16?
True
Is 180183614 a multiple of 1937?
True
Does 3293 divide 1217461693?
False
Does 1233 divide 762287454?
True
Is 317 a factor of 41643339?
True
Is 371006805 a multiple of 39?
True
Is 12112089 a multiple of 33?
True
Is 640 a factor of 273771878?
False
Is 45251222 a multiple of 37?
True
Does 31 divide 156034346?
True
Is 70645752 a multiple of 4363?
False
Is 81041924 a multiple of 974?
False
Does 13 divide 490550345?
False
Is 2228 a factor of 117444564?
True
Is 71 a factor of 23141501?
False
Is 1778 a factor of 455809858?
True
Is 658 a factor of 844135698?
True
Is 16 a factor of 470130592?
True
Is 2443559824 a multiple of 572?
False
Is 365 a factor of 32416911?
False
Is 117422424 a multiple of 2460?
False
Is 53 a factor of 196057229?
True
Is 35148927 a multiple of 111?
True
Is 251227266 a multiple of 257?
True
Is 10294174 a multiple of 97?
False
Is 2700 a factor of 58654277?
False
Is 8 a factor of 25707384?
True
Does 138 divide 66734875?
False
Is 53 a factor of 48895305?
False
Is 62285520 a multiple of 6?
True
Is 1415 a factor of 15023790?
False
Is 70 a factor of 129643780?
True
Does 3540 divide 1835189100?
True
Is 201627419 a multiple of 7?
True
Is 124 a factor of 7984112?
True
Is 88 a factor of 2361370116?
False
Is 1856 a factor of 21923072?
True
Is 612 a factor of 1072179936?
True
Is 514698442 a multiple of 13?
False
Is 16371963 a multiple of 963?
True
Does 9 divide 22339953?
True
Does 10 divide 125081530?
True
Is 247 a factor of 2341066?
True
Is 46 a factor of 1490295555?
False
Is 1850 a factor of 32728350?
True
Does 192 divide 592432174?
False
Is 514 a factor of 18095884?
True
Is 2879599125 a multiple of 375?
True
Does 11352 divide 1899511824?
False
Is 146229637 a multiple of 6956?
False
Is 136239142 a multiple of 1796?
False
Is 7 a factor of 653758981?
False
Is 10099394 a multiple of 202?
True
Is 637 a factor of 314479919?
False
Does 1083 divide 433554495?
False
Is 19 a factor of 29303396?
True
Is 40999853 a multiple of 9?
False
Is 2600 a factor of 33081576?
False
Does 5 divide 2799235?
Tr